vided by 67.
65
Suppose -3*b + 5*c = -219, -4*c = -2*b + c + 151. What is the remainder when 405 is divided by b?
65
Suppose 0*h + 7*h + 49 = 0. What is the remainder when 4*(297/(-42))/(6/h) is divided by 19?
14
Let u = 41 - 39. What is the remainder when u/5 + (4014/15)/6 is divided by 24?
21
Suppose -a = -45 - 5. Calculate the remainder when 599 is divided by a.
49
Let j(h) = -h**3 + 3*h + 28. Let l be j(0). Suppose l = 33*u - 31*u. Let k = 92 - 24. Calculate the remainder when k is divided by u.
12
Suppose -5*f + 94 = -n, -3*n + 0*n = -2*f + 48. What is the remainder when f is divided by 18?
0
Let z be (2 + 8/6)*(-24)/(-20). Let c(i) = i**2 + 2*i + 15. Calculate the remainder when 69 is divided by c(z).
30
Suppose -11 = -2*t + t. Let z(d) = d**3 + 2*d**2 + 9*d + 30. What is the remainder when z(0) is divided by t?
8
Let l(c) = 3*c. Let a be 4/1 + (-3 - -4). Suppose 0 = -a*x + 303 + 47. Calculate the remainder when x is divided by l(6).
16
Let d = -36 - -38. Suppose 3*c - 2*r = d*r + 42, 2*c - 28 = -3*r. What is the remainder when 39 is divided by c?
11
Suppose q - 18 = -3*m, 5*q + 2*m = 4*q + 22. Calculate the remainder when 139 is divided by q.
19
Suppose -w + 6*w = 4*k + 54, 0 = -3*k - 3. What is the remainder when 33 is divided by 4/w + (-812)/(-70)?
9
Suppose 0 = -6*c + 2*c. Suppose c*w + 140 = 5*w. Suppose 210 = 28*v + 7*v. Calculate the remainder when w is divided by v.
4
Let u = 14 - -55. Calculate the remainder when u is divided by 21.
6
Suppose -q - 1 = -k + 3, 4*q - k = -16. Let b be 3*(-4)/(q/5). Let p = 35 - b. What is the remainder when p is divided by 7?
6
Suppose 4*o - 5*i + 4 = 0, 3*o - 5*o - i + 12 = 0. Suppose o*s = -7 + 59. What is the remainder when ((-7)/2)/((-8)/112) is divided by s?
10
Suppose 4*r - 51 - 101 = 0. Suppose -122*w - 12*w + 1608 = 0. What is the remainder when r is divided by w?
2
Suppose -4*a + 0*a = -k + 2, -2*k = 5*a - 4. Suppose a = -r + 5*r - 36. Calculate the remainder when 17 is divided by r.
8
Let y(s) = -s**3 + s**2 - 20. Suppose -14 = 4*p - 3*h - 2, -5*h = -4*p - 20. Let q be y(p). Let m = -13 - q. Calculate the remainder when m is divided by 4.
3
Let y(w) = -9*w - 1. Let n be y(-7). Let t = -28 + n. Calculate the remainder when t is divided by 13.
8
Suppose 27*l = -4*f + 26*l + 586, 4*f = l + 582. Suppose -6*p + 2*p = -148. Calculate the remainder when f is divided by p.
35
Suppose -4*u - j + 613 = u, 0 = -3*j + 9. Calculate the remainder when 362 is divided by u.
118
Suppose 30 = 5*u - 3*x + 8*x, -5*u + 30 = -3*x. Let y be (u/4)/((-3)/(-16)). Suppose 4*q - 2*q - y = 0. Calculate the remainder when 14 is divided by q.
2
Suppose -18*i + 21*i = 114. Calculate the remainder when i is divided by 23.
15
Suppose -57 = -15*w + 14*w. Suppose w = 7*n - 4*n. Calculate the remainder when 4*(-2 - 45/(-4)) is divided by n.
18
Let h = 13 + -6. Suppose -31*m = -36*m + 2370. Suppose -m = j - h*j. Calculate the remainder when j is divided by 27.
25
Let k(x) = -3*x**2 - 38*x + 15. Calculate the remainder when k(-12) is divided by 3*(9 + -1) - 4.
19
Calculate the remainder when -3 + 2 + 1 + 48 + -9 is divided by 6.
3
Suppose x - 143 = 3*f, 2*x + 4*f - 524 = -2*x. What is the remainder when x is divided by 34?
32
Suppose -w = -2*t + 6*t - 1985, 4*w - 2*t - 7886 = 0. Calculate the remainder when w is divided by 104.
101
Let l = 297 - 269. Calculate the remainder when 122 is divided by l.
10
Let q(p) = -p**3 + 15*p**2 - 30*p + 14. Calculate the remainder when q(9) is divided by 8.
6
Let w(d) = 2*d - 3. Let i be w(2). Let c = i + 11. Calculate the remainder when 2 + -2 - (-23 + (6 - 4)) is divided by c.
9
Let z(x) = -5*x**2 - 15*x + 3. Let i(r) = -4*r**2 - 14*r + 3. Let p(a) = -4*i(a) + 3*z(a). Calculate the remainder when p(-12) is divided by 2.
1
Suppose 8*h = 3*h + 80. Let b(r) = r. Let o(u) = -4*u - 2. Let a(n) = -2*b(n) + 2*o(n). Calculate the remainder when a(-5) is divided by h.
14
Suppose -7*g + 3*g = -40. Suppose -6*q + q + 40 = 0. Calculate the remainder when 16/3*42/q is divided by g.
8
Suppose -2*n = -3*p - n - 50, -4*p + 2*n - 66 = 0. Let q = p + 24. Calculate the remainder when q is divided by 4.
3
Let k(b) = -b**3 + b**2 + 10*b + 8. What is the remainder when 334 is divided by k(-3)?
12
Suppose -2*z + 265 = -5*t, -4*z + 4*t + 169 = -355. What is the remainder when z is divided by 27?
22
Let n(q) be the first derivative of -q**4/4 - 25*q**3/3 - 2*q**2 + 10*q + 14. Suppose -23 = -2*k + 33. Calculate the remainder when n(-25) is divided by k.
26
Suppose 2*f + f - 7 = p, 5*f + 4*p = 6. Suppose -7*h = -21*h + 28. Suppose -f*i = -4*i - 8, -h*c - 2*i = -54. Calculate the remainder when c is divided by 8.
7
Let q = -407 - -427. Let a(o) = -5 + 9 + 9 - o. What is the remainder when q is divided by a(6)?
6
Let x(m) = -4*m + 34. Let o be 8*(0 + ((-1)/(-1))/1). Calculate the remainder when 6 is divided by x(o).
0
Calculate the remainder when 534*13/(-1326)*-17 is divided by ((-10)/4)/((-2)/36).
44
What is the remainder when 526*((-51)/(-6) - 8) is divided by 24?
23
Let d be (-34)/(-6) + 4/(-6). Let g = d - -4. Calculate the remainder when 29 is divided by 74/g - (-10)/(-45).
5
Suppose 2*x = -2*x. Suppose x*z = 5*z - 75. Let h(s) = 12*s**2 - 5*s + 4. Calculate the remainder when h(2) is divided by z.
12
Let k = 245 + -208. What is the remainder when k is divided by 14?
9
Let g be (8/(-6))/(2/6). What is the remainder when (-5)/(-2)*((-147)/(-15) + 5) is divided by (-1)/(-4) - 39/g?
7
Let x = 388 - 336. What is the remainder when x is divided by 25?
2
Suppose -155*f + 4375 = -3530. Calculate the remainder when f is divided by 1 - 4*-7*1.
22
Let v(w) = w**2 + 8*w + 12. Let f = -37 - -42. Calculate the remainder when v(-8) is divided by f.
2
Calculate the remainder when -4*((-918)/(-12))/(-9) is divided by 27.
7
Suppose 1904 = 4*c + 2*h, -25*c + 24*c + h = -470. Calculate the remainder when c is divided by 16.
10
Suppose 0*o - 2*o = -6*o. Suppose -3*z - 4*y + 11 = o, 3*z + z = 5*y + 25. What is the remainder when 15 is divided by z?
0
Let s(n) = -4*n - 3. Let z be s(-5). Let y = 30 - z. What is the remainder when 64 is divided by y?
12
Suppose f - 6*f = 4*z + 707, 4*f - 716 = 4*z. Let l = -44 - z. What is the remainder when l is divided by 34?
32
Let f(q) = -q**3 - 8*q**2 - 13. Let i be f(-6). Calculate the remainder when (-1224)/i - 2/5 is divided by 5.
4
Suppose -12 = -2*w + 12. Let n(q) = -q**2 - 5*q - 3. Let k be n(-2). Suppose -k*v = -23 + 8. What is the remainder when w is divided by v?
2
Let v(q) = -q**3 + 4*q**2 - q - 13. Let r be v(-3). Let c = 85 - r. Let o = -15 - -27. What is the remainder when c is divided by o?
8
Suppose 5*s + 7*x - 45 = 4*x, 3*s - 27 = -2*x. Calculate the remainder when 21 is divided by s.
3
Let m = 18 + -18. Suppose 3*n = 4*k + 3, 3*n - 18 = -m*k - k. Suppose -17 - 15 = -3*g - 2*z, -5*g + 5*z + 95 = 0. What is the remainder when g is divided by k?
2
Suppose -4*r = 4*h - 52 + 12, 4*r - 16 = 0. Suppose -h*z + z = -50. Calculate the remainder when 30 is divided by z.
0
Suppose -g = 92 - 232. Suppose -5*f + g + 40 = 0. Suppose -4*b + b = -f. Calculate the remainder when 82 is divided by b.
10
Suppose -3*v = 3*b - 681, 5*v + 5 + 5 = 0. Let t = -170 + b. What is the remainder when t is divided by 20?
19
Let o(g) = 15*g + 8. Calculate the remainder when o(13) is divided by 16.
11
Let b = 32 - 13. Let m = 14 - b. Let s(d) = d**3 + 7*d**2 + 5*d + 12. Calculate the remainder when s(m) is divided by 19.
18
Suppose -2 = -2*h + 8. Suppose -172 = 3*m + 3*d - 901, 3*d = h*m - 1223. Suppose 2*t = -2*t + m. Calculate the remainder when t is divided by 16.
13
Suppose n + 3*k = k, -k + 1 = n. Suppose 0 = -n*q + 6*q. Suppose -4*i + 76 = -0*z + 4*z, q = -z - 5*i + 3. Calculate the remainder when z is divided by 8.
7
Let h(b) = b**3 - 2*b**2 + 2*b + 2. Let z be h(-3). Let g = z - -59. What is the remainder when 38 is divided by g?
8
Let r(t) = t**2 - 5*t + 20. Let c(d) = -d**3 - 6*d**2 - d - 3. Let x be c(-6). Let s(i) = 12*i + 1. Calculate the remainder when s(x) is divided by r(5).
17
Suppose -107*a + 76*a + 2790 = 0. Calculate the remainder when a is divided by 17.
5
Suppose 0 = -3*j + 6 + 6. Suppose j*k = 68 - 8. Calculate the remainder when k is divided by (-1)/(0 - (-5)/(-30)).
3
Let v(y) = -430